h = -3*h - 49, -3*f = 4*h - g. What is the remainder when f is divided by -1*2/(-4)*34?
15
Suppose 16*t - 35 = 11*t. Suppose -28 = -3*b - t. Calculate the remainder when 19 is divided by b.
5
Suppose 7 = -2*l + 5. Let i(o) = -22*o - 1. What is the remainder when ((-80)/(-8))/((-4)/3)*-8 is divided by i(l)?
18
Suppose -5*z - 4*i + 71 = 0, -4*z + 2*z - 5*i = -42. What is the remainder when ((-348)/319)/(2/(-77)) is divided by z?
9
Let o be 526*((-14)/(-4) - 3). Suppose h - 37 = -5*t, 0 = -2*h - 2*h + 5*t + 273. Suppose 3*a + h = o. Calculate the remainder when a is divided by 17.
16
Suppose -19*w = -6*w - 39. Suppose 2*i - 890 = -w*i. Calculate the remainder when i is divided by 45.
43
Suppose 0 = -5*b - 2*l + 153, b - 101 + 75 = -5*l. What is the remainder when b is divided by 17?
14
Let n be -2 + (-3 - -63)/(-5). Suppose -2*q - 3*j + 4*j + 21 = 0, -j - 47 = -4*q. What is the remainder when (8 + q)*(-12)/n is divided by 5?
3
Let j(c) = 2*c + 6. Let g be -1*10*(-3)/(-6). Let q be j(g). What is the remainder when 7 is divided by ((-6)/4*q)/2?
1
Let d = 45 + -45. Suppose -a = h + 4 - 22, 3*h + a - 48 = d. What is the remainder when (2 - 1) + -3 - -31 is divided by h?
14
Suppose 0 = -i - 3*x + 12, 3*i - 5*x + 1 - 9 = 0. Suppose 881*t - 54 = 875*t. What is the remainder when t is divided by i?
3
Let d be 2/(-4) + (-42)/4. Let m = 7 + d. Calculate the remainder when 10 is divided by m*(1 + -1 - 1).
2
Suppose -4*m + 534 = 3*b, -m + 119 + 9 = -2*b. Let c = 242 - m. Suppose -6 = -3*x + 78. What is the remainder when c is divided by x?
26
Suppose -3*s = 3, -6*s + 2528 = 5*l + s. What is the remainder when l is divided by 119?
31
Let o = 383 - 373. What is the remainder when 38 is divided by o?
8
Suppose 4*l + 5*o - 128 - 28 = 0, -3*l = 5*o - 122. Calculate the remainder when l is divided by 32.
2
Let v be 4/6 - (-3)/((-18)/(-1496)). Suppose -11*r - v = -16*r. Let x(s) = 19*s**2 - s. Calculate the remainder when r is divided by x(1).
14
Suppose -92 = -3*g - g. Let h = 21 + g. Let n(w) = -4*w**3 - 10*w**2 + 2*w + 4. Calculate the remainder when h is divided by n(-3).
12
Let b(c) = -c**2 - 17*c - 6. Let n be b(-13). Suppose 4*h = 2*o + 2*h - n, -5*o = 3*h - 99. Calculate the remainder when o is divided by 5.
1
Suppose -3*c - 14 = -4*h, -2*c = -5*h + 12 + 2. Let t be 3 + 1 + c - -3. Let b(d) = 2*d + 1. What is the remainder when 21 is divided by b(t)?
10
Suppose 5*b - 24 - 7 = -2*r, 5*r = -3*b + 30. Suppose -3*h = -j + 41, 3*h + 8 = b*h. What is the remainder when j is divided by 14?
11
Suppose 0 = 4*r - 3*h - 81, -1 = -r + 5*h - 2. Calculate the remainder when (2/((-8)/(-46)))/((-4)/(-24)) is divided by r.
21
Let u be (-8)/36 - (-47)/9. Suppose u*i = 6*i - 67. Suppose -48 - i = -5*c. Calculate the remainder when c is divided by 13.
10
Let g(n) = -n**2 - 11*n + 55. What is the remainder when 38 is divided by g(-14)?
12
Let m(b) = -4*b + 22. Let i be m(8). What is the remainder when 14 - i - 2*2 is divided by 7?
6
Let t = 32 - 27. Suppose 4*o - 32 = -2*c + 16, 0 = 2*o - t*c - 24. Calculate the remainder when 35 is divided by o.
11
Let f(q) = 103*q - 45. Calculate the remainder when f(2) is divided by 46.
23
Calculate the remainder when 975 is divided by (411/21 - 27/(-63)) + -4.
15
Let h(l) = l**3 - 14*l**2 + 10*l + 32. Let m be h(13). Let x(s) = -14*s - 17. Calculate the remainder when x(m) is divided by 28.
25
Let j(r) = -4*r**2 - 36*r - 19. Let k(c) = 2*c**2 + 18*c + 10. Let z(u) = 3*j(u) + 5*k(u). What is the remainder when z(-7) is divided by 6?
3
Let z(c) = 5*c + 9. Suppose -5*l = -a - 2*a - 16, 4*l - 23 = -a. Calculate the remainder when 117 is divided by z(a).
21
Suppose 0 = 5*x - 50 - 75. Let b = 50 - -22. Calculate the remainder when b is divided by x.
22
What is the remainder when 37 is divided by ((-35)/(-10))/(6/24)?
9
Let o(d) = d**3 - 10*d**2 - 10*d - 5. Suppose 4*u = 5 + 7. Let a be 310/30 + 2/u. Calculate the remainder when 26 is divided by o(a).
2
Suppose 16*f - 1023 = -143. Calculate the remainder when 177 is divided by f.
12
Suppose -h - 3*m = 113, -284 = 3*h + 4*m - 6*m. Let c = 174 + h. What is the remainder when c is divided by 11?
10
Let v(m) = m - 6. Let r be v(4). Let q be (-4)/(r - 0) - -65. Let f = q + -2. What is the remainder when f is divided by 17?
14
Suppose -4 = 11*q - 13*q. Calculate the remainder when 9 is divided by q.
1
Let y(r) = -r**3 - 8*r**2 - 6*r + 12. Let g be y(-7). Suppose 239 = 3*j + g*i, -6*j - 2*i + 342 = -2*j. Calculate the remainder when j is divided by 23.
19
Let j be (9 + -5)/(4 + -2). Suppose k - 12 = -j*k. Suppose k*s - 12 = s. Calculate the remainder when s is divided by 1.
0
Suppose -6*n = -2*n + 3*i - 126, 0 = 2*i - 4. Calculate the remainder when 89 is divided by n.
29
Suppose 4*k - 33 = -5*v, v - 5*k + 20 = 3*v. Suppose 4*j = -47 + 115. What is the remainder when j is divided by v?
2
Suppose -21*i + 16*i = -55. Suppose -3*a = -4*a + 30. Calculate the remainder when a is divided by i.
8
Suppose -3*z = -6 - 3. Suppose -4*n - 3*k = -6*n + 149, z*n - 3*k = 222. What is the remainder when n is divided by 19?
16
Suppose 3*g + 5*u = 418, -13*g + 18*g + u = 704. Let b(s) = 7*s**2 + 2*s. What is the remainder when g is divided by b(-2)?
21
Let w = 38 + -16. Let r(v) = 3*v - 45. Let j = 115 - 98. What is the remainder when w is divided by r(j)?
4
Let c(s) = -s**3 + 6*s**2 + 6*s - 4. Let a be (-25)/10*(-8)/5. What is the remainder when c(a) is divided by 18?
16
Suppose 0*t + 3416 = 5*y - 3*t, 0 = -3*y + t + 2048. What is the remainder when (-1)/9*-2 + y/9 is divided by 40?
36
Let j(a) = a**2 + a + 19. Let p be 2 + 0/(3/(-1)). Suppose p*v = c - 0*c - 2, 5*c = 3*v + 10. Calculate the remainder when 37 is divided by j(v).
18
Let d = 1344 - 1335. Calculate the remainder when 11 is divided by d.
2
Let s = -2 + 74. Let d(h) = h**3 - h**2 + 2*h + 1. What is the remainder when s is divided by d(3)?
22
Calculate the remainder when 155 is divided by (-9 - -3)/(-12)*158.
76
Suppose -4*s - 425 = -5*h - s, -2*s + 425 = 5*h. Calculate the remainder when h is divided by 48.
37
Suppose -3*n = 5*f - 31, 4*f - 30 = -8*n + 3*n. Suppose 61 = 4*c - l, c = f*c - 4*l - 76. Let y = -19 - -28. Calculate the remainder when c is divided by y.
5
Suppose -u + 2*u - 17 = 0. Let h(b) = -2*b**3 + 15*b**2 + 13*b + 3. Let d be h(8). Let g = d - u. Calculate the remainder when g is divided by 14.
12
Suppose 3*v - 25 = u + 3*u, 0 = -4*v - 5*u - 8. Suppose 3*t - 3*m = 126, -3*m + v - 41 = -t. Calculate the remainder when 130 is divided by t.
42
Suppose 0 = 2*d - 88 + 14. Suppose -v + 4*v - 60 = 0. Let y = v + -10. Calculate the remainder when d is divided by y.
7
Let f(q) = -2*q. Suppose -4*d - 160 = 5*u - 309, 3*u = -3*d + 90. Calculate the remainder when u is divided by f(-5).
9
Suppose 0*k + r = -2*k + 85, 152 = 4*k - 4*r. Let f = -35 + k. Let p = 16 - 6. Calculate the remainder when p is divided by f.
4
Suppose 2*d - 5*v - 191 = 449, 0 = -4*d - v + 1280. What is the remainder when d is divided by 23?
21
Suppose -2*b + x + 84 = 2*x, 0 = x. What is the remainder when 126 is divided by b?
0
Let f = 27 - 15. Calculate the remainder when ((-34)/6)/(2/(-12)) is divided by f.
10
Suppose 5*g = -q + 86, -4*q = -g - 378 + 139. Calculate the remainder when 162 is divided by q.
40
Suppose -5*n + o + 31 = 0, n - 8 = -0*n + 2*o. Let r(f) = -5*f. Let x be r(-3). Suppose 9*k - x = n*k. Calculate the remainder when 14 is divided by k.
4
Calculate the remainder when 146 is divided by 1*1/(-7) + 32705/1085.
26
Let s(v) = -36*v + 28. Calculate the remainder when 135 is divided by s(0).
23
Let l(d) = -d**2 + 16*d + 8. Let g(o) = 3*o**2 - 31*o - 17. Let p(t) = -3*g(t) - 7*l(t). What is the remainder when 35 is divided by p(-8)?
16
Let k(u) = 1 - 25*u**2 + 5*u**2 + 98*u**2. What is the remainder when k(-1) is divided by 27?
25
Let n be 27*((-15)/9 + 2). Let z(a) = a**3 - 8*a**2 - 8*a - 3. Let y = 35 + -12. What is the remainder when y is divided by z(n)?
5
Let i(h) = 6*h + 95. Let x be 3 + 24 + (1 - -2). Let w = x + -3. What is the remainder when i(-7) is divided by w?
26
Let u(r) = -19*r - r**2 - r**2 - 66 - 4*r**2. Let t(q) = q**2 + 4*q + 13. Let o(w) = -11*t(w) - 2*u(w). What is the remainder when o(8) is divided by 4?
1
Suppose -11*f = -12*f - 2. Let t = 7 